998.
2, 4999
List the prime factors of 2332.
2, 11, 53
What are the prime factors of 7803?
3, 17
What are the prime factors of 582?
2, 3, 97
What are the prime factors of 531?
3, 59
List the prime factors of 20597.
43, 479
What are the prime factors of 10522?
2, 5261
List the prime factors of 20568.
2, 3, 857
What are the prime factors of 18132?
2, 3, 1511
List the prime factors of 11473.
7, 11, 149
List the prime factors of 55.
5, 11
What are the prime factors of 1883?
7, 269
What are the prime factors of 56376?
2, 3, 29
List the prime factors of 36426.
2, 3, 13, 467
List the prime factors of 2060.
2, 5, 103
List the prime factors of 1866.
2, 3, 311
What are the prime factors of 2157?
3, 719
List the prime factors of 336.
2, 3, 7
List the prime factors of 12620.
2, 5, 631
What are the prime factors of 3446?
2, 1723
List the prime factors of 1127.
7, 23
What are the prime factors of 513?
3, 19
List the prime factors of 60277.
7, 79, 109
What are the prime factors of 1175?
5, 47
List the prime factors of 32510.
2, 5, 3251
What are the prime factors of 9031?
11, 821
What are the prime factors of 41278?
2, 20639
What are the prime factors of 15436?
2, 17, 227
List the prime factors of 1541.
23, 67
List the prime factors of 1832.
2, 229
What are the prime factors of 41931?
3, 1553
What are the prime factors of 4881?
3, 1627
List the prime factors of 17127.
3, 11, 173
List the prime factors of 4267.
17, 251
What are the prime factors of 353?
353
List the prime factors of 25585.
5, 7, 17, 43
What are the prime factors of 459?
3, 17
What are the prime factors of 11868?
2, 3, 23, 43
What are the prime factors of 27993?
3, 7, 31, 43
What are the prime factors of 711?
3, 79
List the prime factors of 12141.
3, 19, 71
What are the prime factors of 4775?
5, 191
What are the prime factors of 815?
5, 163
List the prime factors of 13749.
3, 4583
What are the prime factors of 748?
2, 11, 17
List the prime factors of 2259.
3, 251
What are the prime factors of 12742?
2, 23, 277
What are the prime factors of 24418?
2, 29, 421
What are the prime factors of 1062?
2, 3, 59
List the prime factors of 995.
5, 199
What are the prime factors of 30516?
2, 3, 2543
What are the prime factors of 42282?
2, 3, 29
What are the prime factors of 2113?
2113
What are the prime factors of 27197?
27197
What are the prime factors of 35718?
2, 3, 5953
List the prime factors of 196.
2, 7
What are the prime factors of 73405?
5, 53, 277
What are the prime factors of 20939?
20939
List the prime factors of 561.
3, 11, 17
List the prime factors of 16984.
2, 11, 193
What are the prime factors of 713?
23, 31
What are the prime factors of 3997?
7, 571
What are the prime factors of 105918?
2, 3, 127, 139
List the prime factors of 841.
29
What are the prime factors of 1253?
7, 179
List the prime factors of 199.
199
List the prime factors of 2306.
2, 1153
List the prime factors of 9086.
2, 7, 11, 59
List the prime factors of 741.
3, 13, 19
List the prime factors of 13637.
13, 1049
What are the prime factors of 1004?
2, 251
What are the prime factors of 1038?
2, 3, 173
What are the prime factors of 4976?
2, 311
List the prime factors of 318.
2, 3, 53
List the prime factors of 15201.
3, 563
List the prime factors of 399.
3, 7, 19
List the prime factors of 6592.
2, 103
What are the prime factors of 1508?
2, 13, 29
List the prime factors of 4303.
13, 331
List the prime factors of 296.
2, 37
List the prime factors of 20914.
2, 10457
What are the prime factors of 3270?
2, 3, 5, 109
List the prime factors of 5139.
3, 571
List the prime factors of 754.
2, 13, 29
List the prime factors of 48800.
2, 5, 61
What are the prime factors of 61249?
23, 2663
List the prime factors of 312.
2, 3, 13
List the prime factors of 51871.
51871
What are the prime factors of 1356?
2, 3, 113
What are the prime factors of 2701?
37, 73
What are the prime factors of 17026?
2, 8513
List the prime factors of 15520.
2, 5, 97
What are the prime factors of 5368?
2, 11, 61
What are the prime factors of 71926?
2, 35963
What are the prime factors of 30264?
2, 3, 13, 97
List the prime factors of 324.
2, 3
List the prime factors of 1309.
7, 11, 17
List the prime factors of 372.
2, 3, 31
List the prime factors of 1759.
1759
What are the prime factors of 89968?
2, 5623
What are the prime factors of 764?
2, 191
What are the prime factors of 77832?
2, 3, 23, 47
What are the prime factors of 52609?
52609
What are the prime factors of 148659?
3, 7, 7079
What are the prime factors of 1816?
2, 227
List the prime factors of 29961.
3, 3329
What are the prime factors of 9373?
7, 13, 103
What are the prime factors of 8827?
7, 13, 97
What are the prime factors of 564?
2, 3, 47
List the prime factors of 45.
3, 5
List the prime factors of 10662.
2, 3, 1777
List the prime factors of 15784.
2, 1973
List the prime factors of 3532.
2, 883
What are the prime factors of 37?
37
What are the prime factors of 21505?
5, 11, 17, 23
What are the prime factors of 1095?
3, 5, 73
List the prime factors of 275.
5, 11
What are the prime factors of 33917?
13, 2609
List the prime factors of 1233.
3, 137
What are the prime factors of 29049?
3, 23, 421
List the prime factors of 4956.
2, 3, 7, 59
What are the prime factors of 107?
107
What are the prime factors of 974?
2, 487
What are the prime factors of 105?
3, 5, 7
List the prime factors of 3741.
3, 29, 43
What are the prime factors of 5562?
2, 3, 103
List the prime factors of 773.
773
What are the prime factors of 6477?
3, 17, 127
List the prime factors of 5165.
5, 1033
What are the prime factors of 33505?
5, 6701
What are the prime factors of 2053?
2053
What are the prime factors of 15536?
2, 971
List the prime factors of 21790.
2, 5, 2179
What are the prime factors of 2558?
2, 1279
What are the prime factors of 3688?
2, 461
What are the prime factors of 1164?
2, 3, 97
List the prime factors of 9279.
3, 1031
List the prime factors of 1295.
5, 7, 37
What are the prime factors of 1642?
2, 821
List the prime factors of 1145.
5, 229
What are the prime factors of 22076?
2, 5519
What are the prime factors of 850?
2, 5, 17
What are the prime factors of 1202?
2, 601
What are the prime factors of 796?
2, 199
List the prime factors of 1190.
2, 5, 7, 17
List the prime factors of 3691.
3691
List the prime factors of 507.
3, 13
List the prime factors of 3116.
2, 19, 41
What are the prime factors of 153694?
2, 76847
List the prime factors of 96863.
13, 7451
What are the prime factors of 48243?
3, 13, 1237
List the prime factors of 2970.
2, 3, 5, 11
What are the prime factors of 15380?
2, 5, 769
List the prime factors of 2026.
2, 1013
What are the prime factors of 3321?
3, 41
List the prime factors of 6068.
2, 37, 41
What are the prime factors of 92128?
2, 2879
List the prime factors of 2856.
2, 3, 7, 17
List the prime factors of 23060.
2, 5, 1153
List the prime factors of 36714.
2, 3, 29, 211
List the prime factors of 1612.
2, 13, 31
What are the prime factors of 64038?
2, 3, 13, 821
What are the prime factors of 41227?
41227
List the prime factors of 20387.
19, 29, 37
What are the prime factors of 5958?
2, 3, 331
What are the prime factors of 41209?
7, 29
What are the prime factors of 1024?
2
What are the prime factors of 112810?
2, 5, 29, 389
List the prime factors of 46968.
2, 3, 19, 103
List the prime factors of 13123.
11, 1193
List the prime factors of 2543.
2543
List the prime factors of 151.
151
What are the prime factors of 23744?
2, 7, 53
List the prime factors of 9315.
3, 5, 23
List the prime factors of 6664.
2, 7, 17
List the prime factors of 189511.
7, 27073
List the prime factors of 1081.
23, 47
What are the prime factors of 155219?
155219
What are the prime factors of 726?
2, 3, 11
List the prime factors of 95487.
3, 7, 4547
What are the prime factors of 15196?
2, 29, 131
List the prime factors of 199663.
23, 8681
List the prime factors of 28063.
7, 19, 211
List the prime factors of 1016.
2, 127
What are the prime factors of 1505?
5, 7, 43
List the prime factors of 667.
23, 29
List the prime factors of 16379.
11, 1489
List the prime factors of 207.
3, 23
What are the prime factors of 2486?
2, 11, 113
What are the prime factors of 98291?
227, 433
List the prime factors of 45151.
163, 277
List the prime factors of 14